748 is divided by 193?
4
What is the remainder when 66933 is divided by 5383?
2337
What is the remainder when 4943179 is divided by 66?
43
What is the remainder when 788382 is divided by 3566?
296
Calculate the remainder when 431379 is divided by 145.
4
What is the remainder when 2262050 is divided by 11?
10
What is the remainder when 4760486 is divided by 74?
66
Calculate the remainder when 35707 is divided by 752.
363
What is the remainder when 231077 is divided by 2082?
2057
Calculate the remainder when 2587970 is divided by 98.
84
What is the remainder when 803860 is divided by 267300?
1960
Calculate the remainder when 121961 is divided by 5805.
56
What is the remainder when 55281135 is divided by 303?
300
What is the remainder when 6550590 is divided by 2803?
2782
What is the remainder when 607325 is divided by 8207?
7
Calculate the remainder when 14518100 is divided by 5847.
5846
What is the remainder when 29432 is divided by 234?
182
What is the remainder when 3943482 is divided by 43?
38
Calculate the remainder when 1555661 is divided by 1116.
1073
What is the remainder when 4580230 is divided by 2338?
88
Calculate the remainder when 51690622 is divided by 61.
15
What is the remainder when 103415767 is divided by 2168?
2167
What is the remainder when 47278 is divided by 2140?
198
Calculate the remainder when 13418499 is divided by 50069.
7
What is the remainder when 2169 is divided by 2107?
62
Calculate the remainder when 720219 is divided by 180047.
31
Calculate the remainder when 591081 is divided by 1299.
36
Calculate the remainder when 20784967 is divided by 7985.
12
Calculate the remainder when 1406322 is divided by 468760.
42
Calculate the remainder when 253106 is divided by 250521.
2585
Calculate the remainder when 2346171 is divided by 1791.
1752
Calculate the remainder when 4911140 is divided by 7486.
324
Calculate the remainder when 93825 is divided by 3346.
137
Calculate the remainder when 12975634 is divided by 6179.
5913
What is the remainder when 122936736 is divided by 41?
40
Calculate the remainder when 996459 is divided by 124.
119
What is the remainder when 6337081 is divided by 65?
36
What is the remainder when 252635699 is divided by 63158924?
3
Calculate the remainder when 42558427 is divided by 218.
31
What is the remainder when 178422230 is divided by 6620?
6610
What is the remainder when 18593757 is divided by 160291?
1
What is the remainder when 340351 is divided by 3236?
571
What is the remainder when 9100969 is divided by 1300138?
3
What is the remainder when 150161786 is divided by 1673?
1671
Calculate the remainder when 813820 is divided by 40688.
60
Calculate the remainder when 569894 is divided by 11629.
73
Calculate the remainder when 99454 is divided by 99356.
98
What is the remainder when 80961653 is divided by 1686701?
5
What is the remainder when 904863 is divided by 13?
11
Calculate the remainder when 156475 is divided by 127.
11
What is the remainder when 2552512240 is divided by 17?
14
Calculate the remainder when 46358507 is divided by 98.
97
Calculate the remainder when 1645599 is divided by 1001.
956
Calculate the remainder when 4033684 is divided by 292.
288
Calculate the remainder when 16938616 is divided by 696.
64
Calculate the remainder when 9950475 is divided by 433.
135
Calculate the remainder when 42506 is divided by 380.
326
What is the remainder when 220615 is divided by 2390?
735
What is the remainder when 896178 is divided by 59744?
18
What is the remainder when 410289 is divided by 431?
408
What is the remainder when 5563306 is divided by 777?
763
Calculate the remainder when 6253 is divided by 2094.
2065
Calculate the remainder when 4540711 is divided by 4022.
3895
What is the remainder when 1910751 is divided by 1932?
3
Calculate the remainder when 4632674 is divided by 520.
514
Calculate the remainder when 18183975 is divided by 1283.
16
Calculate the remainder when 5673 is divided by 5016.
657
What is the remainder when 17995871 is divided by 62?
61
What is the remainder when 13079 is divided by 6372?
335
Calculate the remainder when 8433 is divided by 683.
237
Calculate the remainder when 396179 is divided by 459.
62
Calculate the remainder when 30728 is divided by 9681.
1685
Calculate the remainder when 2054810469 is divided by 457.
455
Calculate the remainder when 1823369 is divided by 4211.
6
Calculate the remainder when 85348671 is divided by 142.
139
What is the remainder when 2433236 is divided by 464?
20
What is the remainder when 104880 is divided by 1935?
390
Calculate the remainder when 9380339 is divided by 2396.
2395
Calculate the remainder when 1634892 is divided by 29725.
17
What is the remainder when 68472 is divided by 32?
24
What is the remainder when 145135 is divided by 4810?
835
Calculate the remainder when 406742944 is divided by 53.
9
What is the remainder when 25588457 is divided by 1866?
1865
Calculate the remainder when 265040 is divided by 24091.
39
Calculate the remainder when 344259 is divided by 64.
3
What is the remainder when 19795979 is divided by 9897985?
9
Calculate the remainder when 663234 is divided by 846.
816
What is the remainder when 18794 is divided by 2099?
2002
What is the remainder when 3051325 is divided by 64?
61
Calculate the remainder when 41133671 is divided by 2588.
2587
Calculate the remainder when 40713255 is divided by 43.
38
What is the remainder when 8610000 is divided by 7199?
7195
Calculate the remainder when 426129 is divided by 1522.
1491
What is the remainder when 6600473 is divided by 117?
35
Calculate the remainder when 8260263 is divided by 69.
66
What is the remainder when 96295325 is divided by 11?
5
Calculate the remainder when 1859842 is divided by 9686.
130
What is the remainder when 6055696 is divided by 1211139?
1
What is the remainder when 58910797 is divided by 47?
10
What is the remainder when 19806453 is divided by 1650537?
9
Calculate the remainder when 457345 is divided by 50813.
28
What is the remainder when 8031 is divided by 96?
63
Calculate the remainder when 90085 is divided by 86396.
3689
Calculate the remainder when 89078157 is divided by 2384.
2381
What is the remainder when 474537 is divided by 2099?
163
What is the remainder when 26885199 is divided by 44365?
9
Calculate the remainder when 58687 is divided by 50841.
7846
Calculate the remainder when 98493 is divided by 770.
703
Calculate the remainder when 245483 is divided by 4020.
263
Calculate the remainder when 46761 is divided by 3829.
813
Calculate the remainder when 58296596 is divided by 58296587.
9
Calculate the remainder when 1509569 is divided by 880.
369
Calculate the remainder when 12183561 is divided by 54.
27
What is the remainder when 79131 is divided by 24849?
4584
What is the remainder when 14891519 is divided by 2770?
2769
Calculate the remainder when 204089312 is divided by 102044653.
6
Calculate the remainder when 899719742 is divided by 656.
654
What is the remainder when 3489033 is divided by 9481?
25
Calculate the remainder when 96381 is divided by 3323.
14
Calculate the remainder when 2481760 is divided by 827048.
616
What is the remainder when 5732128 is divided by 21309?
7
Calculate the remainder when 772166 is divided by 77213.
36
Calculate the remainder when 3361839 is divided by 1035.
159
Calculate the remainder when 6886887 is divided by 414.
411
Calculate the remainder when 11834 is divided by 185.
179
Calculate the remainder when 403206487 is divided by 2245.
2242
Calculate the remainder when 11496793 is divided by 2874197.
5
Calculate the remainder when 944647 is divided by 503.
13
Calculate the remainder when 162078 is divided by 573.
492
What is the remainder when 207875 is divided by 1252?
43
What is the remainder when 270958 is divided by 270781?
177
What is the remainder when 2638181 is divided by 693?
623
What is the remainder when 813 is divided by 796?
17
Calculate the remainder when 417877 is divided by 139238.
163
What is the remainder when 48271 is divided by 4386?
25
What is the remainder when 3934554 is divided by 35?
29
Calculate the remainder when 75144 is divided by 21795.
9759
Calculate the remainder when 1007397 is divided by 1246.
629
Calculate the remainder when 1488136 is divided by